2). Suppose p = g - 3*h + 32, 2*h = 5*g - 738. Let c = g - 99. What are the prime factors of c?
47
Let u(c) be the first derivative of c**2/2 + 12*c - 13. Let i be u(5). Suppose 7*n - i = 88. What are the prime factors of n?
3, 5
Suppose 5*x - 24 - 12961 = -4*b, 6494 = 2*b + 4*x. List the prime factors of b.
5, 11, 59
Suppose 0 = 4*b + x - 65822, x = 158*b - 157*b - 16463. What are the prime factors of b?
7, 2351
Let p = -102 - -101. Let r be (-1 + 6 - 31)*p. Suppose -4*m + r + 43 = h, -4*h + 200 = -3*m. List the prime factors of h.
53
Let q = 46 + -31. Let p = q - 17. List the prime factors of ((-1)/p)/((-3)/(-894)).
149
Let q(z) = 33*z**3 - 15*z**2 + 79*z - 216. List the prime factors of q(6).
2, 3, 7, 163
Suppose 36*j + 0*j - 688021 = 482879. What are the prime factors of j?
5, 1301
Let k = 7790 + -4525. List the prime factors of k.
5, 653
Let l(o) = -9*o - 25. Let d(h) = -18*h - 50. Let u(p) = -3*d(p) + 7*l(p). Suppose -3*r + 27 = 66. What are the prime factors of u(r)?
2, 23
What are the prime factors of 12485760/1365 - 1/13?
3, 3049
Let c(v) = v**3 - 3*v**2 + v + 6. Let j be c(3). Let u be 1/(-7) + (-14850)/(-21). Suppose j*b - 16*b + u = 0. What are the prime factors of b?
101
Suppose -5*k - f = -0*f + 5, -3*f = -k - 1. Let p be (k - (-12)/(-4)) + 13. Let y = p - -71. List the prime factors of y.
2, 5
Let p = 76 - 72. Suppose -2*r + 5*w - 7 = 0, 0 = p*r - 5*w + 9. List the prime factors of (-3 - -3) + 102 - (r - 2).
3, 5, 7
Suppose k - w - 1 + 3 = 0, -5*w + 8 = -3*k. Let b be 812/21 - (k/3)/1. Let q = b + -18. What are the prime factors of q?
3, 7
What are the prime factors of (-103160)/(-6)*(-69)/(-46)?
2, 5, 2579
Let r be -2 - (-1)/(3/417*1). Suppose 0 = -r*q + 140*q - 39. Suppose 0 = -0*w + w - q. List the prime factors of w.
13
Suppose -4*c = 1 - 5. Let l(k) = 1463*k**3 - k**2 - k + 1. What are the prime factors of l(c)?
2, 17, 43
Let k = -40 - -24. Let t be ((-4)/5)/(k/840). Suppose 5*l - 407 + t = 0. What are the prime factors of l?
73
Suppose 35 = 3*u - 3*l - 7, 64 = 5*u - 3*l. Let k be 158693/481 + 2/26. Suppose -k = -0*w - u*w. What are the prime factors of w?
2, 3, 5
Let p = -16545 + 43374. What are the prime factors of p?
3, 11, 271
Let v = -33 - -108. Let l = 82 - v. Let h(r) = 2*r**2 - 9*r - 10. What are the prime factors of h(l)?
5
Let y = -6346 + 10103. List the prime factors of y.
13, 17
Let m = 57 + -62. Let t(u) be the second derivative of 5*u**4/12 - 5*u**3/6 - 3*u**2/2 + 14*u. List the prime factors of t(m).
3, 7
Let i(z) = -12 - 8 + z**3 + 23 - 17*z + 16*z**2. What are the prime factors of i(-8)?
3, 7, 31
Suppose -3*i + 8*i - 25 = 5*y, 0 = 2*i + 4*y - 16. List the prime factors of 139*(6/(-12) - (-57)/i).
3, 139
Let y(m) = 12 + 39*m + 90 + 29 - 19. List the prime factors of y(16).
2, 23
Suppose 3*n + 4*v = 9, -5*n + v + 38 = -0*n. Suppose -2*y - n + 7 = 0. Suppose 0 = 4*z + 3*g - 164, -g + 42 = z - y*z. List the prime factors of z.
2, 19
Let m(u) = 11*u**3 + 16*u**2 + 30*u - 3. List the prime factors of m(9).
2, 3, 1597
Suppose 0 = 26*l - 218441 + 37923. List the prime factors of l.
53, 131
Let z(y) = -3*y - 19. Let d be z(0). Suppose -159 = 3*p - 3*a, a - 95 + 262 = -3*p. Let x = d - p. List the prime factors of x.
2, 3
Suppose 0 = 3*m - 66 + 21. Let j be (m/6)/(1/(-970)). What are the prime factors of 2/(-7) - j/35?
3, 23
Let f = -46 + 49. Suppose -f*a + 8*a = 3*g + 2545, 1516 = 3*a - 4*g. Suppose 0 = -9*i + 13*i - a. List the prime factors of i.
2
Let j(y) = 534*y**2 + 24*y - 3. What are the prime factors of j(-3)?
3, 19, 83
Suppose -2*f + 154 = 4*v, -3*f + 16 - 73 = -2*v. Let a(r) = -6*r - 40 + 39*r**2 - v*r**2 + 1. What are the prime factors of a(10)?
3, 67
Suppose t + 1 = 2*t. Suppose 39 = -2*x + 41. What are the prime factors of (t*(5 + -6))/(x/(-31))?
31
Let o be 21/7 + 35 - -6. Suppose -o*r + 42*r = -1512. List the prime factors of r.
2, 3, 7
Let l(c) = -53 + 26*c + 179 - 5*c - 56. Let n(x) = 32*x + 105. Let o(g) = 8*l(g) - 5*n(g). What are the prime factors of o(11)?
3, 41
Let x(s) = s + 30. Let i be x(-6). Let j = i - 44. What are the prime factors of (-3728)/j - (36/15)/(-4)?
11, 17
Let w = 47169 + -19608. What are the prime factors of w?
3, 9187
Let c(o) = o + 6. Let v be c(-3). Let k be v - (9 - 4)/(-5). Suppose -4*b = -5*w - 6*b + 481, 3*w + k*b - 297 = 0. What are the prime factors of w?
5, 19
Suppose 3*r - 4*p = 315, 3*r + 2*p = 4*p + 309. Let k(q) = -145*q - 226. Let x be k(-3). Let f = x - r. List the prime factors of f.
2, 3
Suppose 2*b + 31 = -3*r + 102, 2*r - 44 = -3*b. List the prime factors of (1 + 119)*20/r.
2, 3
Let k(j) = j**3 + 5*j**2 + 6*j + 6. Let u = 19 - 22. Let y be k(u). Suppose 4*n = r - y*r + 534, n - 213 = -2*r. What are the prime factors of r?
2, 53
Let x = -14193 + 21327. What are the prime factors of x?
2, 3, 29, 41
Let r(n) = 9*n**2 - 68*n - 297. What are the prime factors of r(-10)?
1283
Let y = -129862 + 66304. List the prime factors of (8/(-19))/(-4) + y/(-513).
2, 31
Let k(c) = -c**3 - 17*c**2 - 2*c + 45. What are the prime factors of k(-17)?
79
Suppose 4*x + 1 - 17 = 0, -118 = k + 4*x. Let j(n) = -19*n - 27. Let d be j(-18). Let f = k + d. List the prime factors of f.
181
Suppose -1 + 20 = 2*l - k, -5*k - 47 = -4*l. What are the prime factors of -186*(-12)/l + -1?
2, 139
Let w(c) = -4*c**2 - 460*c - 57. List the prime factors of w(-103).
3, 181
Let s = 9519 - -3042. What are the prime factors of s?
3, 53, 79
Let w(m) = -3*m**3 - m**2 + 4*m - 10. Let z(n) = 5*n**3 + 2*n**2 - 6*n + 15. Let p(c) = 8*w(c) + 5*z(c). Let t be 6 - -2*1/(-2). List the prime factors of p(t).
2, 3, 5
Suppose 0*w + 4*w - 52 = 0. Let s = w - -88. Suppose 0 = -2*n - 5*o + 202, -4*o - s = -3*n + 2*n. List the prime factors of n.
101
Let p(x) = -3*x**2 + 16*x - 34. Let w be p(13). Let h = 563 + w. List the prime factors of h.
2, 5, 23
Suppose 0 = -359*t + 355*t, 4*a = -2*t + 59528. List the prime factors of a.
2, 7, 1063
Let s = 10439 - 1539. List the prime factors of s.
2, 5, 89
Suppose 5*w = 4*y + 49148, 23343 + 6139 = 3*w + y. List the prime factors of w.
2, 3, 7, 13
Suppose 85*o - 54697 = 24*o + 82797. List the prime factors of o.
2, 7, 23
Let b be 1109 - (3 - 2/1). Suppose -3*l - 5*k + b = -0*l, -2*l + 740 = 2*k. What are the prime factors of l?
7, 53
Suppose -262*v + 1454433 = -225*v. What are the prime factors of v?
3, 13103
Let h(k) = 4*k**3 + 14 - 2*k**2 + 7*k - 9*k**3 + 3*k**2 + 7. Let o be h(-3). Suppose d + 3*u = o, -5*d + 706 = 4*u - 3*u. What are the prime factors of d?
3, 47
Suppose -5*l = -4*l - 9. Let s be (-40)/(-16)*(-8)/(-30)*l. Let b(j) = -j**3 + 6*j**2 + 3*j + 4. What are the prime factors of b(s)?
2, 11
Suppose 4*i + 12 = i. Let n(d) = -2*d**3 - d**2 + d + 2. Let r be n(i). Let l = 226 - r. What are the prime factors of l?
2, 29
Let p = -8605 - -28094. What are the prime factors of p?
19489
Let d = -21560 + 57063. What are the prime factors of d?
13, 2731
Let p be (186/(-30) + 5)/(3/(-20)). Suppose p*t - 3*t - 4260 = -4*b, b = t - 861. What are the prime factors of t?
2, 107
Suppose s - 4483 = -4*o - 1260, 0 = -4*o + s + 3217. Suppose 91*r - o = 84*r. What are the prime factors of r?
5, 23
List the prime factors of (2 - 2) + 3/2 + 2049616/32.
2, 67, 239
Let i(t) = 73*t**2 + t. Let a be i(6). Let k = a - 1839. What are the prime factors of k?
3, 5, 53
Suppose 0 = 5*d - 699 - 246. Let b = d + -91. List the prime factors of b.
2, 7
List the prime factors of ((-76)/(-4) + -21)*(-583 + 0).
2, 11, 53
Let t = -1665 + 2992. Suppose -4*v + 173 = -t. What are the prime factors of v?
3, 5
Let j(g) = -6*g + 108. Let o be j(4). Suppose -95*p + 7634 = -o*p. What are the prime factors of p?
2, 347
Suppose -2*q + x = -495, -513 = -6*q + 4*q - 5*x. Suppose -3*l - 3 = g - 5, 6 = l + 3*g. Suppose -10*d + 709 - q = l. List the prime factors of d.
2, 23
What are the prime factors of (120731/(-39) - 1)/((-4)/54)?
3, 5, 929
Suppose 6*b - b - 2275 = s, 5*b + 3*s = 2255. Let n = 907 - b. Suppose 4*z - 3*w = 72 + n, 275 = 2*z + w. What are the prime factors of z?
3, 5
Let c = 14901 - -11132. What are the prime factors of c?
7, 3719
What are the prime factors of (-66)/1089 + 703100/33?
2, 3, 53, 67
Let s(k) = 14*k**3 - 34*k**2 - 32*k - 109. List the prime factors of s(15).
7, 5573
Suppose 9*n - 3*n = 